w = 983 + m. What are the prime factors of w?
7, 43
List the prime factors of (75/100)/(3/37072).
2, 7, 331
Let a be ((-1)/2)/((-1)/10). Let k = 1194 - 1194. Suppose -2*s + a*b = -0*s - 175, k = -3*s + 2*b + 279. List the prime factors of s.
5, 19
Suppose 10*k + 2*t + 87788 = 12*k, 4*k - 175572 = 2*t. What are the prime factors of k?
2, 10973
Let w be 56/14*((-15)/(-4))/5. Suppose 154 = 3*h + 5*v, -2*h = -7*v + w*v - 132. List the prime factors of h.
2, 29
Let r(w) = 42*w**2 - 108*w + 38. What are the prime factors of r(7)?
2, 5, 67
Suppose -3*b = -4*b + 9. Suppose b*w + 200 = w. Let x = -5 - w. List the prime factors of x.
2, 5
Suppose 66 = -5*o + 101. List the prime factors of o/(-7) - -263 - -4.
2, 7, 19
Let g be -1 + (-2 - (3 + -10)). Suppose g*z - 9588 = -8*z. Suppose -6*a - 181 = -z. What are the prime factors of a?
103
Let v be (-22 - -41)*(-2 - -1) + 9. Let n = -297 + -108. What are the prime factors of v/((-9)/(n/174) - 4)?
3, 5
Suppose 4*k = -10 + 6. Let z be (-3)/(-3)*4 + k. Suppose 4*l - 51 = z*l. List the prime factors of l.
3, 17
Suppose 34*q - 659 = 33*q. List the prime factors of q.
659
What are the prime factors of -6*(14 - -1940)*(-3 + 2)?
2, 3, 977
Let c = -785 - -374. Let v = c - -709. What are the prime factors of v?
2, 149
Let g = -298 - -270. Let s(q) = -12*q - 49. What are the prime factors of s(g)?
7, 41
Suppose 168*h - 41944 = 70*h. What are the prime factors of h?
2, 107
Suppose 50 + 61 = -a + 2*o, -2*o + 539 = -5*a. Let k = 100 + a. List the prime factors of (40/k)/((-12)/42).
2, 5
Let t(x) = -32 + 202*x + 1 - 40 - 74 + 24. List the prime factors of t(4).
3, 229
Suppose 3*v - 2*y - 19960 = 0, -v - 6*y + 7*y = -6652. What are the prime factors of v?
2, 13
Suppose 3034955 - 3373180 - 5066584 = -367*a. List the prime factors of a.
3, 4909
Suppose 0 = -4*n + 7*n - 15. Suppose 3*a - n*w - 4 - 1 = 0, -25 = -3*a - 5*w. Suppose 3*y - 6*y = a*d - 258, -4*y = -5*d - 344. What are the prime factors of y?
2, 43
What are the prime factors of (-11)/((-2)/163*8/464)?
11, 29, 163
Let d be -1*(4/12)/(2/(-24)). Suppose -5*k + u = -3320 + 360, -d*u - 2384 = -4*k. List the prime factors of k.
3, 197
Let i(s) = 193*s**2 - 344*s - 2. List the prime factors of i(7).
3, 29
Suppose -3*x - 964 = 7*t - 6*t, -4*t - 4 = 0. List the prime factors of (-532)/(-21)*-3*x/12.
19, 107
Let p(v) = -v**3 + 21*v**2 + 38*v - 13. Let l be (-8)/16*(-11)/(11/30). List the prime factors of p(l).
1907
Let b be 4014 - ((-30)/18 + (-40)/(-6)). Suppose -2*a - 2*u = a - b, 2*u = -2*a + 2672. What are the prime factors of a?
7, 191
Let i(t) = -9*t**2 - 315*t + 1. Let m be i(-35). Let q(o) = -5*o + 5*o + 190*o**2 + 2*o - 2. What are the prime factors of q(m)?
2, 5, 19
Let r be (-2)/(-1) - (-14 - -1939). Let p = 2795 + r. What are the prime factors of p?
2, 109
Let w = 14534 - -21344. List the prime factors of w.
2, 17939
Let g = -6853 - -12698. List the prime factors of g.
5, 7, 167
Let h be -3*(-2 + (-131)/3). Let u(w) = -5*w**3 - 14*w**2 - 35*w - 111. Let j be u(-5). Let k = j - h. What are the prime factors of k?
2, 101
Suppose 3*b + 2*w - 14 = -3*w, 4*b + 3*w = 15. Suppose b*v + 6 = 5*v. Suppose -8*d + 1023 = v*d. What are the prime factors of d?
3, 31
Let d = 1299 - -5091. List the prime factors of d.
2, 3, 5, 71
Let z be (-504)/(-8) + (-2)/(-4)*0. Suppose 8*x - x = z. What are the prime factors of (-214 + x)*(-1)/1?
5, 41
Suppose -16040 = -19*o + 14*o. Let z = o + -1823. List the prime factors of z.
5, 277
Let i = 19478 + -13824. List the prime factors of i.
2, 11, 257
List the prime factors of 22 + (260610/14 - -6).
103, 181
Let s = 27279 + -9253. What are the prime factors of s?
2, 9013
Suppose -4*m - 7 + 19 = 0. Suppose 2*k = 2*q + 64, m*q + 125 = -0*k + 4*k. Let c = k + 20. What are the prime factors of c?
7
Let l be (2/(-4))/((-19)/13034). Let s be ((l + -3 + 4)/1)/1. Suppose -4*h = -84 - s. List the prime factors of h.
107
Let s(x) = -46*x - 13. Let y = 184 + -187. What are the prime factors of s(y)?
5
Let g = -397 + 628. Let o = g - 126. List the prime factors of o.
3, 5, 7
Let f(p) = -4*p + 3*p**2 - 3*p - 14 + 0*p - 5. Let j be f(-5). Suppose r - 4*d = j, -4*r + 345 = -4*d + 17. What are the prime factors of r?
79
Let d = -993 + 2363. Let g = d + -865. List the prime factors of g.
5, 101
Suppose 0 = j - 2*v + 1, -55 = -4*j - 2*v - 19. Let k(c) be the second derivative of 13*c**3/6 - c**2 + 2*c - 149. List the prime factors of k(j).
89
Suppose -4*t + 4*k - k = -3841, -5*t + 4805 = -3*k. Let a = -488 + t. Suppose -5*z + a = 2*z. List the prime factors of z.
2, 17
List the prime factors of 5/((-66164)/(-22054) + 4*(-39)/52).
5, 11027
Let o(y) = 479*y**2 + 225*y + 1465. What are the prime factors of o(-7)?
3, 13, 599
Let d = 238 - 238. Suppose d = 3*r - 3*b - 348, 0 = 3*r - 2*b + 6*b - 383. List the prime factors of r.
11
Let i(w) = 775*w**2 + 9*w + 12. Let m(o) = 773*o**2 + 8*o + 12. Let c(h) = 4*i(h) - 3*m(h). List the prime factors of c(-1).
11, 71
Let v = 64518 - 32638. What are the prime factors of v?
2, 5, 797
Let i be 2 + 988 + 12/3. Let c = -637 + i. What are the prime factors of c?
3, 7, 17
Suppose 3*o - 35 = -3*a + 4, -3*a = -5*o - 15. Suppose -5*z + a*z = p + 1970, -4*z = -p - 1577. List the prime factors of z.
3, 131
What are the prime factors of 4753*(-12)/16*-4?
3, 7, 97
Let d be -8*(-4)/(-24) - (-76)/12. Suppose 0 = d*w + 41*w - 17204. What are the prime factors of w?
2, 11, 17
Let u(v) = 2*v**3 - 13*v**2 - 9*v - 10. Let s be u(11). Suppose -5*k - 4*x - x = -s, 3*k + 5*x - 586 = 0. What are the prime factors of k?
197
Let i be ((-72)/(-15))/2 + 30/50. Suppose -i*z = 5*r - 2171, -r = 3*r - 3*z - 1726. What are the prime factors of r?
433
Let c = 270 - 192. Let a(p) = -2*p**2 - 19*p - 4. Let k be a(-9). Suppose c = -3*w + k*w. What are the prime factors of w?
3, 13
Suppose -2890662 - 2371716 = -142*x. List the prime factors of x.
3, 11, 1123
Let o be (51/(-17))/(2 - (-3)/(-1)). What are the prime factors of (-1204)/(o - 5) - -6?
2, 19
Suppose -2*k - 5*h = -803, -5*h - 1 = -6. Let z = k - 241. What are the prime factors of z?
2, 79
Suppose 0 = 2*s + 19*v - 18*v - 6931, -4*s + 3*v + 13847 = 0. What are the prime factors of s?
2, 433
Let p(l) be the first derivative of 11*l**2/2 - 10*l + 5. Let i be p(7). Suppose -3*k + i = 2*g, 3*g - k - 96 = 21. What are the prime factors of g?
2, 19
Let k = -39 + 63. Suppose -16*b + k = -20*b. What are the prime factors of 429/9 + b/(-18)?
2, 3
Let u(y) = 14*y**2 - 3 + 15 - 7*y**2 + y + y**3. Let q be u(-7). Suppose 0 = 5*f + q*z - 250, 2*z = 14 - 4. List the prime factors of f.
3, 5
Let n = -12 + 25. Suppose -n*s + 19*s - 6288 = 0. What are the prime factors of s?
2, 131
Let n = 7804 + -3580. What are the prime factors of n?
2, 3, 11
Let c(p) = -2*p**2 - 23*p - 28. Let n be c(-10). What are the prime factors of n/7 + (-7046)/(-182)?
3, 13
Let m = -3338 + 8638. Suppose 54*j - m = 44*j. List the prime factors of j.
2, 5, 53
Let p(m) = -m**3 + 28*m**2 - 20*m - 10. Suppose 4*k = 5*w + 108, 0*w - 81 = -3*k + 2*w. List the prime factors of p(k).
179
Let b(f) = -10*f + 17. Suppose 0*l = -l + 5. Let x = l - 13. List the prime factors of b(x).
97
Let p = 1372 - -4452. List the prime factors of p/(-78)*(2/1 - 11).
2, 3, 7
Let r(y) = 190*y**3 + y. Let z be r(-2). What are the prime factors of -6 - (6 - 8) - z?
2, 3, 11, 23
Let u be ((-5)/(-3) - 2)/(2/(-36)). Let c(q) = 3*q**2 - 40. What are the prime factors of c(u)?
2, 17
Let n(g) = -4*g**2 + 5*g + 5*g**3 - 6*g**3 + 21 - g**2 - 8. Let f be n(-6). Suppose -t + 30 = f. List the prime factors of t.
11
Let b(t) = -t**3 + 13*t**2 - 3*t - 1. Let w be b(-6). Let r = 828 - w. What are the prime factors of r?
127
Let d = -39 - 57. Let n = -154 - d. Let i = n + 133. List the prime factors of i.
3, 5
Suppose 59*k = -70*k + 1213374. List the prime factors of k.
2, 4703
Let b be (5/(-10))/((-2)/16). Suppose u - b*m = -3, -2*u - 2*m + 3 = -u. What are the prime factors of (114/24)/(u/12)?
3, 19
Let r be (42/(-12))/(6/288). Let a = 259 - r. What are the prime factors of a?
7, 61
List the prime factors of (-107775)/36*3*2*-2.
3, 5, 479
Let q be (-346)/(-18) + 56/(-252). Suppose 0 = -5*j + 5*s + 90, 3*s + 5 - 2 = 0. Suppose j*p - q*p = -482. List the prime factors of p.
241
Suppose